{"id":94,"date":"2022-01-13T18:57:44","date_gmt":"2022-01-13T18:57:44","guid":{"rendered":"https:\/\/shop.laiagimenez.com\/?post_type=product&#038;p=94"},"modified":"2022-01-13T18:57:44","modified_gmt":"2022-01-13T18:57:44","slug":"libro-jaque-mate-a-la-ansiedad","status":"publish","type":"product","link":"https:\/\/shop.laiagimenez.com\/index.php\/producto\/libro-jaque-mate-a-la-ansiedad\/","title":{"rendered":"Libro &#8220;Jaque mate a la ANSIEDAD&#8221;"},"content":{"rendered":"<p>Descubre &#8220;Jaque mate a la <strong>ansiedad<\/strong>&#8220;, un libro donde la psic\u00f3loga <a href=\"https:\/\/laiagimenez.com\" target=\"_blank\" rel=\"noopener\">Laia Gim\u00e9nez<\/a>, experta en liderazgo emocional y t\u00e9cnicas de reprogramaci\u00f3n mental nos muestra desde su experiencia personal c\u00f3mo funciona la ansiedad en nuestras vidas.<br \/>\nUn libro para aprender de qu\u00e9 manera debemos afrontar la ansiedad a trav\u00e9s de 30 t\u00e9cnicas aplicadas en sus pacientes con \u00e9xito.<\/p>\n<blockquote><p>Detalla el paso a paso que debes saber y hacer cuando ocurra una situaci\u00f3n limitante en tu vida.<\/p><\/blockquote>\n<p>Un libro que te har\u00e1 pensar, sentirte identificado y actuar a trav\u00e9s del conocimiento te\u00f3rico-pr\u00e1ctico. La especialista con cada palabra te lleva a tomar el control, su principal objetivo es que te sientas mejor.<\/p>\n","protected":false},"excerpt":{"rendered":"<p>Descubre &#8220;Jaque mate a la <strong>ansiedad<\/strong>&#8220;, un libro donde la psic\u00f3loga <a href=\"https:\/\/laiagimenez.com\" target=\"_blank\" rel=\"noopener\">Laia Gim\u00e9nez<\/a>, experta en liderazgo emocional y t\u00e9cnicas de reprogramaci\u00f3n mental nos muestra desde su experiencia personal c\u00f3mo funciona la ansiedad en nuestras vidas.<\/p>\n","protected":false},"featured_media":78,"comment_status":"open","ping_status":"closed","template":"","meta":[],"product_cat":[17],"product_tag":[],"class_list":["post-94","product","type-product","status-publish","has-post-thumbnail","hentry","product_cat-libros"],"_links":{"self":[{"href":"https:\/\/shop.laiagimenez.com\/index.php\/wp-json\/wp\/v2\/product\/94","targetHints":{"allow":["GET"]}}],"collection":[{"href":"https:\/\/shop.laiagimenez.com\/index.php\/wp-json\/wp\/v2\/product"}],"about":[{"href":"https:\/\/shop.laiagimenez.com\/index.php\/wp-json\/wp\/v2\/types\/product"}],"replies":[{"embeddable":true,"href":"https:\/\/shop.laiagimenez.com\/index.php\/wp-json\/wp\/v2\/comments?post=94"}],"version-history":[{"count":2,"href":"https:\/\/shop.laiagimenez.com\/index.php\/wp-json\/wp\/v2\/product\/94\/revisions"}],"predecessor-version":[{"id":96,"href":"https:\/\/shop.laiagimenez.com\/index.php\/wp-json\/wp\/v2\/product\/94\/revisions\/96"}],"wp:featuredmedia":[{"embeddable":true,"href":"https:\/\/shop.laiagimenez.com\/index.php\/wp-json\/wp\/v2\/media\/78"}],"wp:attachment":[{"href":"https:\/\/shop.laiagimenez.com\/index.php\/wp-json\/wp\/v2\/media?parent=94"}],"wp:term":[{"taxonomy":"product_cat","embeddable":true,"href":"https:\/\/shop.laiagimenez.com\/index.php\/wp-json\/wp\/v2\/product_cat?post=94"},{"taxonomy":"product_tag","embeddable":true,"href":"https:\/\/shop.laiagimenez.com\/index.php\/wp-json\/wp\/v2\/product_tag?post=94"}],"curies":[{"name":"wp","href":"https:\/\/api.w.org\/{rel}","templated":true}]}}